lse
Is 312 a multiple of 13?
True
Does 33 divide 3784?
False
Does 9 divide 1302?
False
Does 9 divide 630?
True
Does 9 divide 18?
True
Does 23 divide 14214?
True
Is 9 a factor of 8633?
False
Does 31 divide 279?
True
Is 7592 a multiple of 12?
False
Is 1242 a multiple of 34?
False
Is 10 a factor of 19010?
True
Is 67 a factor of 43550?
True
Is 1772 a multiple of 74?
False
Is 19 a factor of 7353?
True
Is 2011 a multiple of 68?
False
Is 9 a factor of 44739?
True
Is 18304 a multiple of 13?
True
Does 140 divide 14700?
True
Is 440 even?
True
Is 65 a factor of 1811?
False
Is 20 a factor of 4460?
True
Is 428 a factor of 61204?
True
Is 8260 a multiple of 5?
True
Does 20 divide 392?
False
Is 3196 a multiple of 17?
True
Does 282 divide 9588?
True
Does 25 divide 196?
False
Does 12 divide 40181?
False
Is 15 a factor of 357?
False
Does 8 divide 20227?
False
Is 7221 a multiple of 37?
False
Is 14 a factor of 162?
False
Is 227 a multiple of 18?
False
Is 55 a factor of 8965?
True
Is 109 a multiple of 3?
False
Does 12 divide 27168?
True
Is 14 a factor of 26558?
True
Does 7 divide 4477?
False
Does 18 divide 588?
False
Does 52 divide 2444?
True
Does 9 divide 129?
False
Is 10 a factor of 988?
False
Is 17762 a multiple of 214?
True
Does 35 divide 52570?
True
Does 47 divide 676?
False
Is 149 a factor of 34717?
True
Is 13 a factor of 12638?
False
Does 83 divide 14359?
True
Does 89 divide 2225?
True
Does 25 divide 40275?
True
Is 54 a factor of 12256?
False
Is 17 a factor of 889?
False
Is 27 a factor of 5802?
False
Is 1278 a multiple of 18?
True
Does 36 divide 12023?
False
Is 3885 a multiple of 15?
True
Is 6 a factor of 740?
False
Is 40 a factor of 44560?
True
Is 38 a factor of 32756?
True
Is 6 a factor of 22?
False
Is 242 a multiple of 18?
False
Is 222 a factor of 119658?
True
Does 25 divide 12225?
True
Does 9 divide 1493?
False
Does 11 divide 3949?
True
Does 42 divide 420?
True
Is 71266 a multiple of 103?
False
Does 16 divide 968?
False
Does 4 divide 410?
False
Is 88 a factor of 2019?
False
Does 25 divide 4075?
True
Does 23 divide 6187?
True
Does 13 divide 51373?
False
Is 561 a multiple of 33?
True
Is 1548 a multiple of 43?
True
Is 5952 a multiple of 3?
True
Does 94 divide 13724?
True
Does 63 divide 24066?
True
Does 17 divide 404?
False
Does 17 divide 16750?
False
Does 138 divide 25944?
True
Does 12 divide 3185?
False
Is 532 a multiple of 14?
True
Is 23 a factor of 851?
True
Is 2369 a multiple of 103?
True
Does 85 divide 44455?
True
Is 6235 a multiple of 5?
True
Does 10 divide 850?
True
Is 1200 a multiple of 32?
False
Does 2 divide 808?
True
Does 47 divide 3102?
True
Is 1071 a multiple of 13?
False
Does 22 divide 3872?
True
Does 25 divide 1150?
True
Is 300 a multiple of 20?
True
Is 20 a factor of 370?
False
Is 28 a factor of 2744?
True
Is 35 a factor of 770?
True
Is 3361 a multiple of 32?
False
Is 71 a factor of 1562?
True
Is 4348 a multiple of 165?
False
Is 107 a factor of 728?
False
Does 6 divide 38175?
False
Is 14 a factor of 21012?
False
Is 80 a factor of 7222?
False
Is 3775 a multiple of 39?
False
Does 19 divide 21998?
False
Is 35475 a multiple of 11?
True
Is 418 a multiple of 6?
False
Is 695 a multiple of 6?
False
Is 97 a factor of 20638?
False
Is 9 a factor of 225?
True
Does 25 divide 25225?
True
Is 19 a factor of 96991?
False
Is 17 a factor of 77234?
False
Is 71 a factor of 3266?
True
Is 14 a factor of 112?
True
Is 49077 a multiple of 41?
True
Does 45 divide 53461?
False
Does 307 divide 92714?
True
Is 81 a factor of 4960?
False
Is 79 a factor of 3410?
False
Is 1425 a multiple of 75?
True
Is 2 a factor of 64?
True
Does 18 divide 2504?
False
Is 1396 a multiple of 44?
False
Is 4200 a multiple of 25?
True
Does 42 divide 98?
False
Is 17 a factor of 5488?
False
Does 47 divide 16073?
False
Does 10 divide 530?
True
Does 30 divide 4332?
False
Does 102 divide 12138?
True
Is 20 a factor of 6735?
False
Does 48 divide 1056?
True
Is 2 a factor of 2260?
True
Is 70 a factor of 5553?
False
Is 106 a multiple of 5?
False
Is 1080 a multiple of 27?
True
Is 28 a factor of 36393?
False
Does 13 divide 6609?
False
Is 63 a multiple of 21?
True
Is 101146 a multiple of 206?
True
Is 15 a factor of 15?
True
Does 16 divide 653?
False
Is 48 a factor of 96?
True
Does 13 divide 6852?
False
Is 15 a factor of 6433?
False
Does 17 divide 3132?
False
Is 148 a multiple of 40?
False
Is 28404 a multiple of 156?
False
Is 8 a factor of 4470?
False
Is 944 a multiple of 8?
True
Is 4 a factor of 254?
False
Is 11 a factor of 11?
True
Does 112 divide 1904?
True
Does 8 divide 24683?
False
Does 10 divide 395?
False
Is 129 a factor of 13029?
True
Is 217 a factor of 2947?
False
Does 23 divide 124?
False
Does 5 divide 215?
True
Is 528 a multiple of 22?
True
Is 20 a factor of 102640?
True
Does 7 divide 2317?
True
Does 12 divide 10550?
False
Is 3 a factor of 1744?
False
Is 18432 a multiple of 24?
True
Does 142 divide 6245?
False
Does 46 divide 6156?
False
Is 1683 a multiple of 15?
False
Does 26 divide 51064?
True
Does 7 divide 1634?
False
Is 10 a factor of 7630?
True
Is 11776 a multiple of 8?
True
Is 1498 even?
True
Is 22 a factor of 11880?
True
Is 47 a multiple of 6?
False
Is 15 a factor of 630?
True
Is 30 a factor of 2058?
False
Is 39 a factor of 858?
True
Is 56 a factor of 2184?
True
Is 41 a multiple of 2?
False
Is 16 a factor of 1072?
True
Does 33 divide 5874?
True
Is 1364 a multiple of 33?
False
Is 2 a factor of 10630?
True
Does 9 divide 421?
False
Does 64 divide 18240?
True
Does 10 divide 4100?
True
Is 1450 a multiple of 29?
True
Is 50 a factor of 5324?
False
Does 11 divide 2728?
True
Does 116 divide 4534?
False
Is 113 a factor of 13560?
True
Is 61 a factor of 5429?
True
Does 44 divide 3916?
True
Is 95 a factor of 570?
True
Is 7808 a multiple of 8?
True
Is 1827 a multiple of 87?
True
Does 39 divide 4680?
True
Does 45 divide 1845?
True
Is 54 a factor of 4395?
False
Is 11 a factor of 1586?
False
Is 40498 a multiple of 5?
False
Does 17 divide 11118?
True
Does 66 divide 132?
True
Is 23 a factor of 5037?
True
Is 3890 a multiple of 17?
False
Does 113 divide 3925?
False
Is 5082 a multiple of 33?
True
Is 31084 a multiple of 63?
False
Does 8 divide 891?
False
Is 38 a factor of 58?
False
Does 119 divide 2717?
False
Does 19 divide 40413?
True
Is 3 a factor of 561?
True
Is 107 a factor of 12412?
True
Is 11 a factor of 1055?
False
Does 63 divide 1008?
True
Is 31 a factor of 403?
True
Is 20940 a multiple of 60?
True
Is 1484 a multiple of 47?
False
Is 858 a multiple of 22?
True
Is 308 a multiple of 21?
False
Is 15 a factor of 2073?
False
Is 2 a factor of 46?
True
Does 3 divide 1950?
True
Is 365 a factor of 108348?
False
Is 9532 a multiple of 14?
False
Is 706 a multiple of 10?
False
Is 6 a factor of 180?
True
Does 9 divide 10125?
True
Does 21 divide 212?
False
Does 4 divide 787?
False
Does 48 divide 63331?
False
Does 19 divide 670?
False
Does 26 divide 1170?
True
Does 10 divide 3147?
False
Is 4645 a multiple of 10?
False
Does 128 divide 5629?
False
Does 16 divide 1008?
True
Is 62 a factor of 20832?
True
Does 13 divide 111?
False
Does 30 divide 59935?
False
Does 6 divide 463?
False
Does 11 divide 222?
False
Does 101 divide 1515?
True
Is 44 a factor of 1805?
False
Is 35604 a multiple of 113?
False
Is 22 a factor of 6794?
False
Does 28 divide 644?
True
Does 26 divide 6942?
True
Does 7 divide 1967?
True
Does 125 divide 11755?
False
Does 89 divide 3825?
False
Does 106 divide 2014?
True
Does 63 divide 756?
True
Is 28 a factor of 5040?
True
Is 15 a factor of 6885?
True
Is 99 a factor of 492?
False
Does 5 divide 60?
True
Does 116 divide 19256?
True
Is 33041 a multiple of 50?
False
Is 2989 a multiple of 49?
True
Is 87 a factor of 19923?
True
Is 8663 a multiple of 62?
False
Is 162 a factor of 1630?
False
Does 56 divide 112?
True
Is 13621 a multiple of 23?
False
Is 27 a factor of 6948?
False
Does 14 divide 22757?
False
Is 1133 a multiple of 6?
False
Does 37 divide 2590?
True
Is 110 a factor of 89320?
True
Is 717 a multiple of 4?
False
Is 18362 a multiple of 17?
False
Is 60 a factor of 44755?
False
Is 3528 a multiple of 170?
False
Is 17 a factor of 1207?
True
Does 92 divide 4324?
True
Does 51 divide 46750?
False
Is 16385 a multiple of 29?
True
Does 3 divide 3546?
True
Does 10 divide 12260?
True
Does 16 divide 960?
True
Is 185 a factor